s of p.
3, 17
Suppose -10*q - 14140 + 41920 = 0. List the prime factors of q.
2, 3, 463
Let c(v) = 347*v**2 + 5*v - 3. List the prime factors of c(-2).
5, 11
Let i(p) = p**2 - 8*p. Let w be i(6). Let h = 20 + w. What are the prime factors of h?
2
Suppose 1325 = 7*o + 282. Suppose -o = -4*w + 23. What are the prime factors of w?
43
Suppose 150*g - 149*g - 174 = 0. List the prime factors of g.
2, 3, 29
Suppose 56*q = -5*q + 144387. What are the prime factors of q?
3, 263
Let q be ((-21)/1)/(15/(-20)). Let t = 32 + -20. Let i = q - t. List the prime factors of i.
2
Let a be (6/(-4) - 0)/((-15)/(-560)). Let h = a - -93. List the prime factors of h.
37
Let o = -276 - -816. Suppose 0 = -t - 4*t + o. What are the prime factors of t?
2, 3
Suppose -9 = 9*l - 12*l. Let b be ((-236)/l)/(8/(-12)). Let n = -76 + b. List the prime factors of n.
2, 3, 7
Suppose -2 = -5*a - 12. Let t(q) = -10*q - 2. Let n(v) = 9*v + 2. Let m(p) = -6*n(p) - 5*t(p). List the prime factors of m(a).
2, 3
Suppose 3*x = s + 14, 3*x + 0*x - 4 = -s. Suppose 0 - 252 = -x*c. What are the prime factors of c?
2, 3, 7
Suppose 4*s = -4*p + 3040, 0 = 3*p + 18*s - 20*s - 2280. List the prime factors of p.
2, 5, 19
List the prime factors of 3*(8/6 + 3).
13
Let x be (110/15)/((-2)/(-3)). Let p(l) = l - 8. Let n be p(x). Suppose -2*u - u + 4*f + 4 = 0, n*u + 2*f - 34 = 0. What are the prime factors of u?
2
Suppose 5*j = 205 + 3565. List the prime factors of j.
2, 13, 29
Let r(w) = 5 - 10*w + 23*w - 14*w. Let h be r(11). List the prime factors of 12 - (-3)/(h/4).
2, 5
List the prime factors of -1*(-204 - 0)*31/31.
2, 3, 17
Let h be 1/((-6)/(-4) - 2). What are the prime factors of h + 80/45 + 2362/18?
131
Let p(o) = -448*o + 15. What are the prime factors of p(-1)?
463
Let a(y) = 6*y**2 + 58*y + 902. List the prime factors of a(-15).
2, 691
Let g(c) = -c**2 - 45*c + 77. What are the prime factors of g(-41)?
241
Let i(o) = 9*o - 5*o**2 - 9*o - o**3 - 4 + 2*o**2. What are the prime factors of i(-5)?
2, 23
Let b(q) = 4*q**3 - q**2 + q - 1. Suppose 6*a = 6 - 0. Let o be b(a). Suppose -o*f = f - 28. List the prime factors of f.
7
Let s(i) be the first derivative of i**2/2 - 12*i + 2. Let h be s(14). Suppose -3*d = -r - 72, -52 = -h*d - r - 4. List the prime factors of d.
2, 3
Suppose p = 803 + 265. What are the prime factors of p?
2, 3, 89
Let q(l) = 38*l + 63. What are the prime factors of q(10)?
443
Let g(t) = -8*t**2 - t + 9. Let d(s) = -4*s**2 + 5. Let f(x) = 5*d(x) - 3*g(x). Let w be f(-2). Suppose -w*i + 102 = -6*i. What are the prime factors of i?
3, 17
Let b = 2 - 0. Suppose 0 = -3*o - y - 4 + 20, -2*o = 5*y - 28. Suppose -o*k = -b*k - 40. List the prime factors of k.
2, 5
Let y = -761 + 1083. List the prime factors of y.
2, 7, 23
Let l(i) = -19*i - 5. Let v be (-2 + 0)*2/2. Let g be -3 + 3 + v + 0. List the prime factors of l(g).
3, 11
Suppose 4 - 8 = -2*n. Suppose 0 = -4*g + 12 + 108. Suppose -f + g = n*f. List the prime factors of f.
2, 5
Let q(j) = j**2 + 9*j - 7. Let m be q(-11). Suppose -27 = -r + m. Suppose -v = v + b - 44, -2*v + r = 2*b. What are the prime factors of v?
23
Let p(j) = -3*j**2 + 2*j - 4. Let x be p(3). Let i be (-6)/(-14) + 5*(-2770)/(-350). Let d = i + x. What are the prime factors of d?
3, 5
Suppose 5*f = 5*i + 20715, -i = 10*f - 6*f - 16567. What are the prime factors of f?
2, 19, 109
Let q(m) = m**2 + m + 2. Let l be q(-8). Suppose 6*s = r + 2*s - 49, -l = -r + s. What are the prime factors of r?
61
Let j(c) = c. Let z be j(-2). Let h be (20/z)/(10/(-95)). Suppose 0*u = 5*u - h. List the prime factors of u.
19
Suppose 10*b = -974 + 10284. What are the prime factors of b?
7, 19
Let o = 33 - 30. Suppose -217 = -3*a - l + 1, -2*l = -o*a + 212. List the prime factors of a.
2, 3
Let g(m) be the first derivative of -m**6/360 - 3*m**5/40 - m**4/24 - m**3/3 + 6. Let s(y) be the third derivative of g(y). What are the prime factors of s(-6)?
17
Let s = 7 - -5. Let w = s - 8. List the prime factors of ((-66)/(-12))/(2/w).
11
Let w(v) = v**2 - 5*v + 5. Let y = 11 - 6. Let q be w(y). Suppose q*z = 25, -5*c + 5*z = -2*c - 32. List the prime factors of c.
19
Let v = 71 + -39. Let s = v + -30. List the prime factors of s.
2
Let s = -112 + 183. Let u = -110 + s. What are the prime factors of (4/4)/((-3)/u)?
13
Let o(g) = g**3 - 12*g**2 + 19*g + 43. List the prime factors of o(10).
3, 11
Suppose 112359 = 59*l + 2265. List the prime factors of l.
2, 3, 311
Let x = -65 - -69. Suppose y = -0 - 2, 0 = -b + x*y + 60. List the prime factors of b.
2, 13
Let c(b) = -6*b + 3. Let d = -23 + 16. Let q(f) = -f**2 - 6*f + 2. Let k be q(d). List the prime factors of c(k).
3, 11
Let w = 2311 - 1187. Suppose 0 = -4*t + x + x + w, 0 = -3*x + 12. What are the prime factors of t?
283
Suppose 102*u + 4710 = 108*u. List the prime factors of u.
5, 157
Let w(j) = 4*j**2 - 4*j + 59. List the prime factors of w(10).
419
Let w(b) = b**3 - 4*b**2 - b**2 - 8*b + 2 - 7. Let i be w(6). Let p(t) = t + 19. List the prime factors of p(i).
2
Suppose -10 = -3*w - 2*r, 0 = 5*r + 1 + 4. Let k(o) = -2*o - 6*o**2 - o + o + o**3 + w*o**2. List the prime factors of k(3).
3
Suppose 2*l + 5*j = -135, j = 2*l - 0*l + 117. Let h be 197/(-15) + (-8)/l. Let s = h - -41. List the prime factors of s.
2, 7
Let s(q) = -2 - 36 - 68 - q. Let y be s(0). Let p = -76 - y. What are the prime factors of p?
2, 3, 5
Suppose -2*v = -v - 8. Let a be (-2 - -146)*6/v. What are the prime factors of 24/a - 500/(-18)?
2, 7
List the prime factors of 24*-10*69/(-24).
2, 3, 5, 23
Suppose -9 + 2 = -4*w + 3*z, 4*z = -3*w + 24. Let l(o) = o**3 - 5*o**2 + 2*o + 1. Let k be l(w). Let x = k - -44. What are the prime factors of x?
37
Let m(y) = -y**3 + 17*y**2 + 20*y - 4. What are the prime factors of m(18)?
2
Suppose 15*p + 4461 = 2*l + 16*p, 5*p = -3*l + 6695. What are the prime factors of l?
2, 5, 223
Let s(v) be the third derivative of v**5/30 + v**4/24 + v**3/6 - 16*v**2. List the prime factors of s(-4).
29
What are the prime factors of (-30)/((-7)/504 + 0)?
2, 3, 5
Suppose 0 = -5*w + 4*s + 66, w - 11 = -s + 4. Suppose -18*y + w*y = -600. List the prime factors of y.
2, 3, 5
Let u(a) = -16*a + 21. Let i be u(5). Let l = i + 63. What are the prime factors of l?
2
Let o(h) = -13*h - 3. Let r = 14 - 12. Let t be 1/r + 5/(-2). List the prime factors of o(t).
23
Let f = 86 - 50. List the prime factors of (-18)/30 - f/15 - -27.
2, 3
List the prime factors of 858 + (-21)/14*(-12)/(-9).
2, 107
What are the prime factors of (-33)/(-5 - 94/(-19))?
3, 11, 19
Let w(a) = a**2 - a - 7. Let k = 10 + -8. Suppose -k*o + 6*o = 24. What are the prime factors of w(o)?
23
Let y(q) = -q**2 - 7*q. Suppose -4*c = -3*c - 19. Suppose 3*b + 4*l - 2 = 0, 0 = -4*b - 4*l + 3*l - c. List the prime factors of y(b).
2, 3
Let c = -99 + 54. Let y = 137 + c. List the prime factors of y.
2, 23
Let r = -4383 + 6446. List the prime factors of r.
2063
Let p(g) = 2*g + 6. Let c be p(-4). Let y be 178*(3/(-2) - c). Suppose 2*j + 3*i - 27 = 0, y = 2*j - 5*i + 22. What are the prime factors of j?
3, 7
Suppose -2*w + 12 - 66 = 0. Let t be (-4)/14 - (-1161)/21. Let q = w + t. List the prime factors of q.
2, 7
Let r = -8 - -13. Let u(h) = -2*h**2 + 5*h + 5. Let w be u(r). Let g = -8 - w. What are the prime factors of g?
2, 3
Let o = 49 - 85. Let r = 16 - o. List the prime factors of r.
2, 13
Suppose -9*u + 7826 = 4*u. What are the prime factors of u?
2, 7, 43
Suppose -21*s - 13*s + 118864 = 0. List the prime factors of s.
2, 19, 23
Let g = -84 + 376. Suppose 3*j = -5*b + g, 0*b - 112 = -j + 2*b. What are the prime factors of j?
2, 13
Let q be (-2)/(-5) - (-4)/(-10). Let h = 64 + 94. Suppose -5*u + h + 42 = q. List the prime factors of u.
2, 5
List the prime factors of (436/(-5))/(34/(-255)).
2, 3, 109
Suppose -5*f + 5*x = 72 + 78, 0 = -f - 2*x - 45. Let g = 61 + 1. Let i = f + g. What are the prime factors of i?
3
Suppose -3*y + 2*v = -4318, 6*v - 2884 = -2*y + 2*v. List the prime factors of y.
2, 3, 5
Suppose 2*l + 0*l + 5*b + 35 = 0, b - 20 = 5*l. What are the prime factors of 2/l + (-2884)/(-35)?
2, 41
Let x(p) = -p**3 + 10*p**2 - 8*p - 9. Let o be x(8). Let j be (-936)/(-28) - 6/14. Let a = o - j. What are the prime factors of a?
2, 11
Let j = -24 - -146. Suppose -b - 5*n + j = 0, -2*b + 4*n